{"id":293,"date":"2021-07-13T17:05:20","date_gmt":"2021-07-13T17:05:20","guid":{"rendered":"https:\/\/challenge-melli.de\/?page_id=293"},"modified":"2021-07-14T07:09:27","modified_gmt":"2021-07-14T07:09:27","slug":"agb-widerrufsbelehrung","status":"publish","type":"page","link":"https:\/\/challenge-melli.de\/?page_id=293","title":{"rendered":"AGB \/ Widerrufsbelehrung"},"content":{"rendered":"\n<h3>Allgemeine Gesch\u00e4ftsbedingungen<\/h3>\n\n\n\n<ul><li><strong>Geltungsbereich<br><\/strong>F\u00fcr alle  Bestellungen auf challenge-melli.de (nachfolgend Shop) an &amp; von Verbrauchern gelten diese Allgemeinen Gesch\u00e4ftsbedingungen (AGB).<br>Verbraucher ist jede nat\u00fcrliche Person, die ein Rechtsgesch\u00e4ft zu einem Zwecke abschlie\u00dft, der \u00fcberwiegend weder ihrer gewerblichen noch ihrer selbstst\u00e4ndigen beruflichen T\u00e4tigkeit zugerechnet werden kann.<\/li><li><strong>Vertragspartner<br><\/strong>Der Kaufvertrag kommt zustande mit challenge-melli.de, Inhaberin: Melanie Raab, An der Hummerei 6, 96215 Lichtenfels.<\/li><li><strong>Vertragsschluss<\/strong><ul><li>Die Darstellung der Produkte und Leistungen im Online-Shop stellt kein rechtlich bindendes Angebot, sondern nur eine Aufforderung zur Bestellung dar.<\/li><li>Durch Anklicken des Buttons [Kaufen\/kostenpflichtig bestellen] geben Sie eine verbindliche Bestellung der auf der Bestellseite aufgelisteten Waren ab. Ihr Kaufvertrag kommt zustande, wenn wir Ihre Bestellung durch eine Auftragsbest\u00e4tigung per E-Mail unmittelbar nach dem Erhalt Ihrer Bestellung annehmen.<\/li><\/ul><\/li><li><strong>Widerrufsrecht<\/strong><ul><li>Wenn Sie Verbraucher sind (also eine nat\u00fcrliche Person, die die Bestellung zu einem Zweck abgibt, der weder Ihrer gewerblichen oder selbst\u00e4ndigen beruflichen T\u00e4tigkeit zugerechnet werden kann), steht Ihnen nach Ma\u00dfgabe der gesetzlichen Bestimmungen ein Widerrufsrecht zu.<\/li><li>Machen Sie als Verbraucher von Ihrem Widerrufsrecht nach Ziffer 4.1 Gebrauch, so haben Sie die regelm\u00e4\u00dfigen Kosten der R\u00fccksendung zu tragen.<\/li><li>Im \u00dcbrigen gelten f\u00fcr das Widerrufsrecht die Regelungen, die im Einzelnen wiedergegeben sind in der folgenden<br><br><strong>Widerrufsbelehrung\u00b9<br><br>Widerrufsrecht<br><br>Sie haben das Recht, binnen vierzehn Tagen ohne Angabe von Gr\u00fcnden diesen Vertrag zu widerrufen.<br><\/strong><br><strong>Die Widerrufsfrist betr\u00e4gt vierzehn Tage ab dem Tag an dem Sie oder ein von Ihnen benannter Dritter, der nicht der Bef\u00f6rderer ist, die Waren in Besitz genommen haben bzw. hat.<\/strong><br><br><strong>Um Ihr Widerrufsrecht auszu\u00fcben, m\u00fcssen Sie uns [Name des Unternehmers, Anschrift und, soweit verf\u00fcgbar Telefonnummer, Telefaxnummer und E-Mail Adresse eintragen] mittels einer eindeutigen Erkl\u00e4rung (zB ein mit der Post versandter Brief, Telefax oder E-Mail) \u00fcber Ihren Entschluss, diesen Vertrag zu widerrufen, informieren. Sie k\u00f6nnen daf\u00fcr das beigef\u00fcgte Muster-Widerrufsformular verwenden, das jedoch nicht vorgeschrieben ist. Sie k\u00f6nnen das Muster- Widerrufsformular oder eine andere eindeutige Erkl\u00e4rung auch auf unserer Webseite (Internet-Adresse einf\u00fcgen) elektronisch ausf\u00fcllen und \u00fcbermitteln. Machen Sie von dieser M\u00f6glichkeit Gebrauch, so werden wir Ihnen unverz\u00fcglich (zB per E-Mail) eine Best\u00e4tigung \u00fcber den Eingang eines solchen Widerrufs \u00fcbermitteln.<\/strong><br><br><strong>Zur Wahrung der Widerrufsfrist reicht es aus, dass Sie die Mitteilung \u00fcber die Aus\u00fcbung des Widerrufsrechts vor Ablauf der Widerrufsfrist absenden.<\/strong><br><br><strong>Folgen des Widerrufs<\/strong><br><br><strong>Wenn Sie diesen Vertrag widerrufen, haben wir Ihnen alle Zahlungen, die wir von Ihnen erhalten haben,  unverz\u00fcglich und sp\u00e4testens binnen vierzehn Tagen ab dem Tag zur\u00fcckzuzahlen, an dem die Mitteilung \u00fcber Ihren Widerruf dieses Vertrags bei uns eingegangen ist. F\u00fcr diese R\u00fcckzahlung verwenden wir dasselbe Zahlungsmittel, das Sie bei der urspr\u00fcnglichen Transaktion eingesetzt haben, es sei denn, mit Ihnen wurde ausdr\u00fccklich etwas anderes vereinbart; in keinem Fall werden Ihnen wegen dieser R\u00fcckzahlung Entgelte berechnet.<\/strong><br><br><br><strong>&#8211; Ende der Widerrufsbelehrung &#8211;<br><br><\/strong>(<strong>\u00b9<\/strong>\u00a0Diese Widerrufsbelehrung gilt nicht f\u00fcr die getrennte Lieferung von Waren.)<\/li><\/ul><\/li><li><strong>Preise und Versandkosten<\/strong><ul><li>Die auf den Produktseiten genannten Preise enthalten die gesetzliche Mehrwertsteuer und sonstige Preisbestandteile.<\/li><\/ul><\/li><li><strong>Zahlung<\/strong><ul><li>Die Zahlung erfolgt per PayPal.<\/li><\/ul><\/li><li><strong>Eigentumsvorbehalt<\/strong><ul><li>Bis zur vollst\u00e4ndigen Zahlung bleibt die Ware unser Eigentum.<\/li><\/ul><\/li><li><strong>Streitbeilegung<\/strong><ul><li>Die EU-Kommission hat eine Internetplattform zur Online-Beilegung von Streitigkeiten geschaffen. Die Plattform dient als Anlaufstelle zur au\u00dfergerichtlichen Beilegung von Streitigkeiten betreffend vertragliche Verpflichtungen, die aus Online-Kaufvertr\u00e4gen erwachsen. N\u00e4here Informationen sind unter dem folgenden Link verf\u00fcgbar: <a href=\"https:\/\/ec.europa.eu\/consumers\/odr\">https:\/\/ec.europa.eu\/consumers\/odr<\/a>. Zur Teilnahme an einem Streitbeilegungsverfahren vor einer Verbraucherschlichtungsstelle sind wir weder bereit noch verpflichtet.<\/li><\/ul><\/li><\/ul>\n","protected":false},"excerpt":{"rendered":"<p>Allgemeine Gesch\u00e4ftsbedingungen GeltungsbereichF\u00fcr alle Bestellungen auf challenge-melli.de (nachfolgend Shop) an &amp; von Verbrauchern gelten diese Allgemeinen Gesch\u00e4ftsbedingungen (AGB).Verbraucher ist jede nat\u00fcrliche Person, die ein Rechtsgesch\u00e4ft zu einem Zwecke abschlie\u00dft, der \u00fcberwiegend weder ihrer gewerblichen noch ihrer selbstst\u00e4ndigen beruflichen T\u00e4tigkeit zugerechnet werden kann. VertragspartnerDer Kaufvertrag kommt zustande mit challenge-melli.de, Inhaberin: Melanie [&hellip;]<\/p>\n","protected":false},"author":2,"featured_media":0,"parent":0,"menu_order":0,"comment_status":"closed","ping_status":"closed","template":"","meta":[],"_links":{"self":[{"href":"https:\/\/challenge-melli.de\/index.php?rest_route=\/wp\/v2\/pages\/293"}],"collection":[{"href":"https:\/\/challenge-melli.de\/index.php?rest_route=\/wp\/v2\/pages"}],"about":[{"href":"https:\/\/challenge-melli.de\/index.php?rest_route=\/wp\/v2\/types\/page"}],"author":[{"embeddable":true,"href":"https:\/\/challenge-melli.de\/index.php?rest_route=\/wp\/v2\/users\/2"}],"replies":[{"embeddable":true,"href":"https:\/\/challenge-melli.de\/index.php?rest_route=%2Fwp%2Fv2%2Fcomments&post=293"}],"version-history":[{"count":5,"href":"https:\/\/challenge-melli.de\/index.php?rest_route=\/wp\/v2\/pages\/293\/revisions"}],"predecessor-version":[{"id":427,"href":"https:\/\/challenge-melli.de\/index.php?rest_route=\/wp\/v2\/pages\/293\/revisions\/427"}],"wp:attachment":[{"href":"https:\/\/challenge-melli.de\/index.php?rest_route=%2Fwp%2Fv2%2Fmedia&parent=293"}],"curies":[{"name":"wp","href":"https:\/\/api.w.org\/{rel}","templated":true}]}}